{"id":28,"date":"2014-08-18T08:52:48","date_gmt":"2014-08-18T06:52:48","guid":{"rendered":"http:\/\/neunzehn67.com\/?page_id=28"},"modified":"2024-08-31T14:44:16","modified_gmt":"2024-08-31T12:44:16","slug":"impressum","status":"publish","type":"page","link":"http:\/\/neunzehn67.com\/?page_id=28","title":{"rendered":"Impressum"},"content":{"rendered":"<p><strong>neunzehn67.com<\/strong> ist eine private, nicht kommerzielle Internetseite.<\/p>\n<p><strong>Anbieterkennung:<\/strong> SR Solutions Review, 613-601 N Morton St, Bloomington, IN 47404, USA<\/p>\n<p><a href=\"http:\/\/neunzehn67.com\/wp-content\/uploads\/2020\/04\/srsolutionsreview-google.png\"><br \/><img fetchpriority=\"high\" decoding=\"async\" class=\"aligncenter size-medium wp-image-169\" src=\"http:\/\/neunzehn67.com\/wp-content\/uploads\/2020\/04\/srsolutionsreview-google-300x300.png\" alt=\"\" width=\"300\" height=\"300\" srcset=\"http:\/\/neunzehn67.com\/wp-content\/uploads\/2020\/04\/srsolutionsreview-google-300x300.png 300w, http:\/\/neunzehn67.com\/wp-content\/uploads\/2020\/04\/srsolutionsreview-google-150x150.png 150w, http:\/\/neunzehn67.com\/wp-content\/uploads\/2020\/04\/srsolutionsreview-google-768x768.png 768w, http:\/\/neunzehn67.com\/wp-content\/uploads\/2020\/04\/srsolutionsreview-google-600x600.png 600w, http:\/\/neunzehn67.com\/wp-content\/uploads\/2020\/04\/srsolutionsreview-google.png 800w\" sizes=\"(max-width: 300px) 100vw, 300px\" \/><\/a><\/p>\n<p><strong>Kontakt: <\/strong>sr.solutionsreview <strong>AT<\/strong> gmail.com<\/p>\n<p><strong>Hinweis:<\/strong> Alle Textbeitr\u00e4ge und Fotos unterliegen dem Copyright. Eine Verwendung, auch auszugsweise, ist nur mit vorheriger Genehmigung m\u00f6glich.<\/p>\n\n\n<hr class=\"wp-block-separator has-css-opacity\"\/>\n\n\n\n<p class=\"has-small-font-size\"><strong>Hinweise zum Datenschutz: <\/strong>Auf neunzehn67.com werden keine Nutzungsdaten gespeichert, die nicht zum Betrieb der Seite im CMS-Wordpress erforderlich sind, was ebenso f\u00fcr etwaige Cookies gilt. Es erfolgt kein Tracking, Werbung wird als solche gekennzeichnet und nur in statischen Text-Bild-Anzeigen ohne irgendwelche Skripte ver\u00f6ffentlicht  und der Nutzer\/Besucher dieser Seiten wird an keiner Stelle aufgefordert, sich zu registrieren oder sonstige Daten anzugeben. Auch aus diesem Grunde sind die Kommentarfunktionen auf diesen Seiten abgeschaltet. M\u00f6glicherweise wird es k\u00fcnftig kommerzielle Aktionen geben, diese werden dann aber ausdr\u00fccklich gekennzeichnet.<\/p>\n\n\n\n<p class=\"has-small-font-size\"><strong>Achtung: <\/strong>Es werden k\u00fcnftig auf diesen Seiten Inhalte von YouTube und \u00e4hnlichen Drittanbietern eingebunden. Ob und welche Daten diese Drittanbieter erheben, ist f\u00fcr die SR Solutions Review nicht festzustellen. Es obliegt dem Besucher, die Angebote dieser Anbieter zu nutzen und wir k\u00f6nnen lediglich auf die Nutzungsbedingungen dieser Dienste verweisen.<\/p>\n\n\n\n<p><\/p>\n","protected":false},"excerpt":{"rendered":"<p>neunzehn67.com ist eine private, nicht kommerzielle Internetseite. Anbieterkennung: SR Solutions Review, 613-601 N Morton St, Bloomington, IN 47404, USA Kontakt: sr.solutionsreview AT gmail.com Hinweis: Alle &hellip; <\/p>\n","protected":false},"author":1,"featured_media":0,"parent":0,"menu_order":0,"comment_status":"closed","ping_status":"open","template":"","meta":{"footnotes":""},"class_list":["post-28","page","type-page","status-publish","hentry"],"_links":{"self":[{"href":"http:\/\/neunzehn67.com\/index.php?rest_route=\/wp\/v2\/pages\/28"}],"collection":[{"href":"http:\/\/neunzehn67.com\/index.php?rest_route=\/wp\/v2\/pages"}],"about":[{"href":"http:\/\/neunzehn67.com\/index.php?rest_route=\/wp\/v2\/types\/page"}],"author":[{"embeddable":true,"href":"http:\/\/neunzehn67.com\/index.php?rest_route=\/wp\/v2\/users\/1"}],"replies":[{"embeddable":true,"href":"http:\/\/neunzehn67.com\/index.php?rest_route=%2Fwp%2Fv2%2Fcomments&post=28"}],"version-history":[{"count":17,"href":"http:\/\/neunzehn67.com\/index.php?rest_route=\/wp\/v2\/pages\/28\/revisions"}],"predecessor-version":[{"id":259,"href":"http:\/\/neunzehn67.com\/index.php?rest_route=\/wp\/v2\/pages\/28\/revisions\/259"}],"wp:attachment":[{"href":"http:\/\/neunzehn67.com\/index.php?rest_route=%2Fwp%2Fv2%2Fmedia&parent=28"}],"curies":[{"name":"wp","href":"https:\/\/api.w.org\/{rel}","templated":true}]}}